Dec 02 16:06:01.769 INFO testing sounding-validate-0.8.0 against master#8940af3cea4a9a9deabcaf843b2f8cad9a83fc61 for beta-1.31-5
Dec 02 16:06:01.769 INFO running `"docker" "create" "-v" "/mnt/big/crater/work/local/target-dirs/beta-1.31-5/worker-1/master#8940af3cea4a9a9deabcaf843b2f8cad9a83fc61:/target:rw,Z" "-v" "/mnt/big/crater/work/local/test-source/worker-1/beta-1.31-5/master#8940af3cea4a9a9deabcaf843b2f8cad9a83fc61:/source:ro,Z" "-v" "/mnt/big/crater/work/local/cargo-home:/cargo-home:ro,Z" "-v" "/mnt/big/crater/work/local/rustup-home:/rustup-home:ro,Z" "-e" "USER_ID=1000" "-e" "SOURCE_DIR=/source" "-e" "USER_ID=1000" "-e" "CMD=cargo +8940af3cea4a9a9deabcaf843b2f8cad9a83fc61-alt build --frozen" "-e" "CARGO_TARGET_DIR=/target" "-e" "CARGO_INCREMENTAL=0" "-e" "RUST_BACKTRACE=full" "-e" "RUSTFLAGS=--cap-lints=warn" "-e" "CARGO_HOME=/cargo-home" "-e" "RUSTUP_HOME=/rustup-home" "-m" "1536M" "--network" "none" "crater"`
Dec 02 16:06:02.344 INFO [stdout] 262a71f678886fbf8d3e65211173224f04167b6b7b5e8b554090a11cd62824af
Dec 02 16:06:02.346 INFO running `"docker" "start" "-a" "262a71f678886fbf8d3e65211173224f04167b6b7b5e8b554090a11cd62824af"`
Dec 02 16:06:04.277 INFO [stderr] usermod: no changes
Dec 02 16:06:04.414 INFO [stderr]    Compiling metfor v0.4.1
Dec 02 16:06:04.414 INFO [stderr]    Compiling optional v0.5.0
Dec 02 16:06:04.414 INFO [stderr]    Compiling optional v0.4.3
Dec 02 16:06:05.574 INFO [stderr]    Compiling sounding-base v0.8.1
Dec 02 16:06:07.071 INFO [stderr]    Compiling sounding-validate v0.8.0 (/source)
Dec 02 16:06:08.247 INFO [stderr] error[E0308]: mismatched types
Dec 02 16:06:08.247 INFO [stderr]   --> src/validate.rs:41:49
Dec 02 16:06:08.247 INFO [stderr]    |
Dec 02 16:06:08.247 INFO [stderr] 41 |     err_return.push_error(check_pressure_exists(pressure));
Dec 02 16:06:08.247 INFO [stderr]    |                                                 ^^^^^^^^ expected struct `optional::Optioned`, found a different struct `optional::Optioned`
Dec 02 16:06:08.247 INFO [stderr]    |
Dec 02 16:06:08.247 INFO [stderr]    = note: expected type `&[optional::Optioned<f64>]` (struct `optional::Optioned`)
Dec 02 16:06:08.247 INFO [stderr]               found type `&[optional::Optioned<f64>]` (struct `optional::Optioned`)
Dec 02 16:06:08.247 INFO [stderr] note: Perhaps two different versions of crate `optional` are being used?
Dec 02 16:06:08.247 INFO [stderr]   --> src/validate.rs:41:49
Dec 02 16:06:08.247 INFO [stderr]    |
Dec 02 16:06:08.247 INFO [stderr] 41 |     err_return.push_error(check_pressure_exists(pressure));
Dec 02 16:06:08.247 INFO [stderr]    |                                                 ^^^^^^^^
Dec 02 16:06:08.247 INFO [stderr] 
Dec 02 16:06:08.311 INFO [stderr] error[E0308]: mismatched types
Dec 02 16:06:08.311 INFO [stderr]   --> src/validate.rs:54:47
Dec 02 16:06:08.311 INFO [stderr]    |
Dec 02 16:06:08.311 INFO [stderr] 54 |     err_return.push_error(validate_vector_len(temperature, len, "Temperature"));
Dec 02 16:06:08.311 INFO [stderr]    |                                               ^^^^^^^^^^^ expected struct `optional::Optioned`, found a different struct `optional::Optioned`
Dec 02 16:06:08.311 INFO [stderr]    |
Dec 02 16:06:08.311 INFO [stderr]    = note: expected type `&[optional::Optioned<f64>]` (struct `optional::Optioned`)
Dec 02 16:06:08.311 INFO [stderr]               found type `&[optional::Optioned<f64>]` (struct `optional::Optioned`)
Dec 02 16:06:08.311 INFO [stderr] note: Perhaps two different versions of crate `optional` are being used?
Dec 02 16:06:08.311 INFO [stderr]   --> src/validate.rs:54:47
Dec 02 16:06:08.312 INFO [stderr]    |
Dec 02 16:06:08.312 INFO [stderr] 54 |     err_return.push_error(validate_vector_len(temperature, len, "Temperature"));
Dec 02 16:06:08.312 INFO [stderr]    |                                               ^^^^^^^^^^^
Dec 02 16:06:08.312 INFO [stderr] 
Dec 02 16:06:08.372 INFO [stderr] error[E0308]: mismatched types
Dec 02 16:06:08.372 INFO [stderr]   --> src/validate.rs:55:47
Dec 02 16:06:08.372 INFO [stderr]    |
Dec 02 16:06:08.372 INFO [stderr] 55 |     err_return.push_error(validate_vector_len(wet_bulb, len, "Wet bulb temperature"));
Dec 02 16:06:08.372 INFO [stderr]    |                                               ^^^^^^^^ expected struct `optional::Optioned`, found a different struct `optional::Optioned`
Dec 02 16:06:08.372 INFO [stderr]    |
Dec 02 16:06:08.372 INFO [stderr]    = note: expected type `&[optional::Optioned<f64>]` (struct `optional::Optioned`)
Dec 02 16:06:08.372 INFO [stderr]               found type `&[optional::Optioned<f64>]` (struct `optional::Optioned`)
Dec 02 16:06:08.372 INFO [stderr] note: Perhaps two different versions of crate `optional` are being used?
Dec 02 16:06:08.372 INFO [stderr]   --> src/validate.rs:55:47
Dec 02 16:06:08.372 INFO [stderr]    |
Dec 02 16:06:08.372 INFO [stderr] 55 |     err_return.push_error(validate_vector_len(wet_bulb, len, "Wet bulb temperature"));
Dec 02 16:06:08.372 INFO [stderr]    |                                               ^^^^^^^^
Dec 02 16:06:08.372 INFO [stderr] 
Dec 02 16:06:08.431 INFO [stderr] error[E0308]: mismatched types
Dec 02 16:06:08.432 INFO [stderr]   --> src/validate.rs:56:47
Dec 02 16:06:08.432 INFO [stderr]    |
Dec 02 16:06:08.432 INFO [stderr] 56 |     err_return.push_error(validate_vector_len(dew_point, len, "Dew point"));
Dec 02 16:06:08.432 INFO [stderr]    |                                               ^^^^^^^^^ expected struct `optional::Optioned`, found a different struct `optional::Optioned`
Dec 02 16:06:08.432 INFO [stderr]    |
Dec 02 16:06:08.432 INFO [stderr]    = note: expected type `&[optional::Optioned<f64>]` (struct `optional::Optioned`)
Dec 02 16:06:08.432 INFO [stderr]               found type `&[optional::Optioned<f64>]` (struct `optional::Optioned`)
Dec 02 16:06:08.432 INFO [stderr] note: Perhaps two different versions of crate `optional` are being used?
Dec 02 16:06:08.432 INFO [stderr]   --> src/validate.rs:56:47
Dec 02 16:06:08.432 INFO [stderr]    |
Dec 02 16:06:08.432 INFO [stderr] 56 |     err_return.push_error(validate_vector_len(dew_point, len, "Dew point"));
Dec 02 16:06:08.432 INFO [stderr]    |                                               ^^^^^^^^^
Dec 02 16:06:08.432 INFO [stderr] 
Dec 02 16:06:08.491 INFO [stderr] error[E0308]: mismatched types
Dec 02 16:06:08.492 INFO [stderr]   --> src/validate.rs:57:47
Dec 02 16:06:08.492 INFO [stderr]    |
Dec 02 16:06:08.492 INFO [stderr] 57 |     err_return.push_error(validate_vector_len(theta_e, len, "Theta-e"));
Dec 02 16:06:08.492 INFO [stderr]    |                                               ^^^^^^^ expected struct `optional::Optioned`, found a different struct `optional::Optioned`
Dec 02 16:06:08.492 INFO [stderr]    |
Dec 02 16:06:08.492 INFO [stderr]    = note: expected type `&[optional::Optioned<f64>]` (struct `optional::Optioned`)
Dec 02 16:06:08.492 INFO [stderr]               found type `&[optional::Optioned<f64>]` (struct `optional::Optioned`)
Dec 02 16:06:08.492 INFO [stderr] note: Perhaps two different versions of crate `optional` are being used?
Dec 02 16:06:08.492 INFO [stderr]   --> src/validate.rs:57:47
Dec 02 16:06:08.492 INFO [stderr]    |
Dec 02 16:06:08.492 INFO [stderr] 57 |     err_return.push_error(validate_vector_len(theta_e, len, "Theta-e"));
Dec 02 16:06:08.492 INFO [stderr]    |                                               ^^^^^^^
Dec 02 16:06:08.492 INFO [stderr] 
Dec 02 16:06:08.549 INFO [stderr] error[E0308]: mismatched types
Dec 02 16:06:08.549 INFO [stderr]   --> src/validate.rs:58:47
Dec 02 16:06:08.549 INFO [stderr]    |
Dec 02 16:06:08.549 INFO [stderr] 58 |     err_return.push_error(validate_vector_len(direction, len, "Wind direction"));
Dec 02 16:06:08.550 INFO [stderr]    |                                               ^^^^^^^^^ expected struct `optional::Optioned`, found a different struct `optional::Optioned`
Dec 02 16:06:08.550 INFO [stderr]    |
Dec 02 16:06:08.550 INFO [stderr]    = note: expected type `&[optional::Optioned<f64>]` (struct `optional::Optioned`)
Dec 02 16:06:08.550 INFO [stderr]               found type `&[optional::Optioned<f64>]` (struct `optional::Optioned`)
Dec 02 16:06:08.551 INFO [stderr] note: Perhaps two different versions of crate `optional` are being used?
Dec 02 16:06:08.551 INFO [stderr]   --> src/validate.rs:58:47
Dec 02 16:06:08.551 INFO [stderr]    |
Dec 02 16:06:08.551 INFO [stderr] 58 |     err_return.push_error(validate_vector_len(direction, len, "Wind direction"));
Dec 02 16:06:08.552 INFO [stderr]    |                                               ^^^^^^^^^
Dec 02 16:06:08.552 INFO [stderr] 
Dec 02 16:06:08.609 INFO [stderr] error[E0308]: mismatched types
Dec 02 16:06:08.609 INFO [stderr]   --> src/validate.rs:59:47
Dec 02 16:06:08.609 INFO [stderr]    |
Dec 02 16:06:08.609 INFO [stderr] 59 |     err_return.push_error(validate_vector_len(speed, len, "wind speed"));
Dec 02 16:06:08.609 INFO [stderr]    |                                               ^^^^^ expected struct `optional::Optioned`, found a different struct `optional::Optioned`
Dec 02 16:06:08.609 INFO [stderr]    |
Dec 02 16:06:08.609 INFO [stderr]    = note: expected type `&[optional::Optioned<f64>]` (struct `optional::Optioned`)
Dec 02 16:06:08.609 INFO [stderr]               found type `&[optional::Optioned<f64>]` (struct `optional::Optioned`)
Dec 02 16:06:08.609 INFO [stderr] note: Perhaps two different versions of crate `optional` are being used?
Dec 02 16:06:08.609 INFO [stderr]   --> src/validate.rs:59:47
Dec 02 16:06:08.610 INFO [stderr]    |
Dec 02 16:06:08.610 INFO [stderr] 59 |     err_return.push_error(validate_vector_len(speed, len, "wind speed"));
Dec 02 16:06:08.610 INFO [stderr]    |                                               ^^^^^
Dec 02 16:06:08.610 INFO [stderr] 
Dec 02 16:06:08.668 INFO [stderr] error[E0308]: mismatched types
Dec 02 16:06:08.668 INFO [stderr]   --> src/validate.rs:61:9
Dec 02 16:06:08.668 INFO [stderr]    |
Dec 02 16:06:08.668 INFO [stderr] 61 |         omega,
Dec 02 16:06:08.668 INFO [stderr]    |         ^^^^^ expected struct `optional::Optioned`, found a different struct `optional::Optioned`
Dec 02 16:06:08.668 INFO [stderr]    |
Dec 02 16:06:08.668 INFO [stderr]    = note: expected type `&[optional::Optioned<f64>]` (struct `optional::Optioned`)
Dec 02 16:06:08.668 INFO [stderr]               found type `&[optional::Optioned<f64>]` (struct `optional::Optioned`)
Dec 02 16:06:08.668 INFO [stderr] note: Perhaps two different versions of crate `optional` are being used?
Dec 02 16:06:08.668 INFO [stderr]   --> src/validate.rs:61:9
Dec 02 16:06:08.668 INFO [stderr]    |
Dec 02 16:06:08.668 INFO [stderr] 61 |         omega,
Dec 02 16:06:08.668 INFO [stderr]    |         ^^^^^
Dec 02 16:06:08.668 INFO [stderr] 
Dec 02 16:06:08.727 INFO [stderr] error[E0308]: mismatched types
Dec 02 16:06:08.727 INFO [stderr]   --> src/validate.rs:65:47
Dec 02 16:06:08.727 INFO [stderr]    |
Dec 02 16:06:08.727 INFO [stderr] 65 |     err_return.push_error(validate_vector_len(height, len, "Height"));
Dec 02 16:06:08.727 INFO [stderr]    |                                               ^^^^^^ expected struct `optional::Optioned`, found a different struct `optional::Optioned`
Dec 02 16:06:08.727 INFO [stderr]    |
Dec 02 16:06:08.727 INFO [stderr]    = note: expected type `&[optional::Optioned<f64>]` (struct `optional::Optioned`)
Dec 02 16:06:08.727 INFO [stderr]               found type `&[optional::Optioned<f64>]` (struct `optional::Optioned`)
Dec 02 16:06:08.727 INFO [stderr] note: Perhaps two different versions of crate `optional` are being used?
Dec 02 16:06:08.727 INFO [stderr]   --> src/validate.rs:65:47
Dec 02 16:06:08.727 INFO [stderr]    |
Dec 02 16:06:08.727 INFO [stderr] 65 |     err_return.push_error(validate_vector_len(height, len, "Height"));
Dec 02 16:06:08.727 INFO [stderr]    |                                               ^^^^^^
Dec 02 16:06:08.727 INFO [stderr] 
Dec 02 16:06:08.787 INFO [stderr] error[E0308]: mismatched types
Dec 02 16:06:08.787 INFO [stderr]   --> src/validate.rs:66:47
Dec 02 16:06:08.787 INFO [stderr]    |
Dec 02 16:06:08.787 INFO [stderr] 66 |     err_return.push_error(validate_vector_len(cloud_fraction, len, "Cloud fraction"));
Dec 02 16:06:08.787 INFO [stderr]    |                                               ^^^^^^^^^^^^^^ expected struct `optional::Optioned`, found a different struct `optional::Optioned`
Dec 02 16:06:08.787 INFO [stderr]    |
Dec 02 16:06:08.787 INFO [stderr]    = note: expected type `&[optional::Optioned<f64>]` (struct `optional::Optioned`)
Dec 02 16:06:08.787 INFO [stderr]               found type `&[optional::Optioned<f64>]` (struct `optional::Optioned`)
Dec 02 16:06:08.787 INFO [stderr] note: Perhaps two different versions of crate `optional` are being used?
Dec 02 16:06:08.787 INFO [stderr]   --> src/validate.rs:66:47
Dec 02 16:06:08.787 INFO [stderr]    |
Dec 02 16:06:08.787 INFO [stderr] 66 |     err_return.push_error(validate_vector_len(cloud_fraction, len, "Cloud fraction"));
Dec 02 16:06:08.787 INFO [stderr]    |                                               ^^^^^^^^^^^^^^
Dec 02 16:06:08.787 INFO [stderr] 
Dec 02 16:06:08.812 INFO [stderr] error: aborting due to 10 previous errors
Dec 02 16:06:08.812 INFO [stderr] 
Dec 02 16:06:08.812 INFO [stderr] For more information about this error, try `rustc --explain E0308`.
Dec 02 16:06:08.822 INFO [stderr] error: Could not compile `sounding-validate`.
Dec 02 16:06:08.822 INFO [stderr] 
Dec 02 16:06:08.822 INFO [stderr] To learn more, run the command again with --verbose.
Dec 02 16:06:08.824 INFO [stderr] su: No module specific data is present
Dec 02 16:06:09.851 INFO running `"docker" "inspect" "262a71f678886fbf8d3e65211173224f04167b6b7b5e8b554090a11cd62824af"`
Dec 02 16:06:10.019 INFO running `"docker" "rm" "-f" "262a71f678886fbf8d3e65211173224f04167b6b7b5e8b554090a11cd62824af"`
Dec 02 16:06:10.259 INFO [stdout] 262a71f678886fbf8d3e65211173224f04167b6b7b5e8b554090a11cd62824af
